{"id":2871,"date":"2020-09-27T16:32:27","date_gmt":"2020-09-27T15:32:27","guid":{"rendered":"https:\/\/4v.fr\/marketing-tourisme\/?page_id=2871"},"modified":"2020-09-27T16:49:17","modified_gmt":"2020-09-27T15:49:17","slug":"lego-serious-play","status":"publish","type":"page","link":"https:\/\/4v.fr\/marketing-tourisme\/lego-serious-play\/","title":{"rendered":"LEGO\u00ae SERIOUS PLAY\u00ae"},"content":{"rendered":"\n<h2 class=\"wp-block-heading\">M\u00e9thode innovante au sein du Cabinet 4V<\/h2>\n\n\n\n<p>La cr\u00e9ativit\u00e9 demeure l\u2019une des plus grandes forces pour avancer de nos jours : il ne faut plus seulement suivre et adopter ce qui marche, il faut pouvoir se d\u00e9marquer des autres en adoptant un esprit et une d\u00e9marche cr\u00e9atifs. <\/p>\n\n\n\n<p>Mais n\u2019est pas toujours facile&#8230;<\/p>\n\n\n\n<div class=\"wp-block-group\"><div class=\"wp-block-group__inner-container is-layout-flow wp-block-group-is-layout-flow\">\n<p>Les techniques de cr\u00e9ativit\u00e9 sont de nos jours tr\u00e8s nombreuses, mais nous avons choisi au sein du cabinet 4V de nous sp\u00e9cialiser dans la m\u00e9thode <strong>Lego<sup>\u00ae<\/sup> Serious Play<sup>\u00ae<\/sup><\/strong>. <\/p>\n\n\n\n<p>Il s\u2019agit d\u2019une technique de travail <strong>sp\u00e9cialement con\u00e7ue pour stimuler la cr\u00e9ativit\u00e9<\/strong> et passer par cons\u00e9quent \u00e0 l\u2019innovation. Elle est de nos jours tr\u00e8s utilis\u00e9e dans le milieu des affaires et nous esp\u00e9rons la faire vite conna\u00eetre au monde du tourisme !<\/p>\n\n\n\n<div style=\"height:50px\" aria-hidden=\"true\" class=\"wp-block-spacer\"><\/div>\n\n\n\n<p><\/p>\n<\/div><\/div>\n\n\n\n<h2 class=\"wp-block-heading\">3mn pour comprendre la m\u00e9thode <\/h2>\n\n\n\n<figure class=\"wp-block-embed-youtube wp-block-embed is-type-video is-provider-youtube wp-embed-aspect-16-9 wp-has-aspect-ratio\"><div class=\"wp-block-embed__wrapper\">\n<div class='embed-container'><iframe loading=\"lazy\" title=\"La m\u00e9thode Lego \u00aeSerious Play\u00ae, qu&#039;est-ce que c&#039;est ?\" width=\"1920\" height=\"1080\" src=\"https:\/\/www.youtube.com\/embed\/YR6X1NOpzkE?feature=oembed\" frameborder=\"0\" allow=\"accelerometer; autoplay; clipboard-write; encrypted-media; gyroscope; picture-in-picture; web-share\" referrerpolicy=\"strict-origin-when-cross-origin\" allowfullscreen><\/iframe><\/div>\n<\/div><\/figure>\n\n\n\n<div style=\"height:50px\" aria-hidden=\"true\" class=\"wp-block-spacer\"><\/div>\n\n\n\n<h2 class=\"wp-block-heading\">Portfolio avec des <strong>Lego<sup>\u00ae<\/sup><\/strong> <\/h2>\n\n\n\n<figure class=\"wp-block-gallery columns-3 is-cropped wp-block-gallery-1 is-layout-flex wp-block-gallery-is-layout-flex\"><ul class=\"blocks-gallery-grid\"><li class=\"blocks-gallery-item\"><figure><img loading=\"lazy\" decoding=\"async\" width=\"1024\" height=\"768\" src=\"https:\/\/4v.fr\/marketing-tourisme\/wp-content\/uploads\/2020\/09\/IMG_20190912_164949-1024x768.jpg\" alt=\"\" data-id=\"2882\" data-full-url=\"https:\/\/4v.fr\/marketing-tourisme\/wp-content\/uploads\/2020\/09\/IMG_20190912_164949.jpg\" data-link=\"https:\/\/4v.fr\/marketing-tourisme\/?attachment_id=2882\" class=\"wp-image-2882\" srcset=\"https:\/\/4v.fr\/marketing-tourisme\/wp-content\/uploads\/2020\/09\/IMG_20190912_164949-1024x768.jpg 1024w, https:\/\/4v.fr\/marketing-tourisme\/wp-content\/uploads\/2020\/09\/IMG_20190912_164949-300x225.jpg 300w, https:\/\/4v.fr\/marketing-tourisme\/wp-content\/uploads\/2020\/09\/IMG_20190912_164949-768x576.jpg 768w, https:\/\/4v.fr\/marketing-tourisme\/wp-content\/uploads\/2020\/09\/IMG_20190912_164949-1536x1152.jpg 1536w, https:\/\/4v.fr\/marketing-tourisme\/wp-content\/uploads\/2020\/09\/IMG_20190912_164949-2048x1536.jpg 2048w, https:\/\/4v.fr\/marketing-tourisme\/wp-content\/uploads\/2020\/09\/IMG_20190912_164949-1440x1080.jpg 1440w\" sizes=\"auto, (max-width: 1024px) 100vw, 1024px\" \/><\/figure><\/li><li class=\"blocks-gallery-item\"><figure><img loading=\"lazy\" decoding=\"async\" width=\"1024\" height=\"477\" src=\"https:\/\/4v.fr\/marketing-tourisme\/wp-content\/uploads\/2019\/11\/IMG_20191025_1224042-1024x477.jpg\" alt=\"\" data-id=\"2393\" data-full-url=\"https:\/\/4v.fr\/marketing-tourisme\/wp-content\/uploads\/2019\/11\/IMG_20191025_1224042.jpg\" data-link=\"https:\/\/4v.fr\/marketing-tourisme\/img_20191025_1224042\/\" class=\"wp-image-2393\" srcset=\"https:\/\/4v.fr\/marketing-tourisme\/wp-content\/uploads\/2019\/11\/IMG_20191025_1224042-1024x477.jpg 1024w, https:\/\/4v.fr\/marketing-tourisme\/wp-content\/uploads\/2019\/11\/IMG_20191025_1224042-300x140.jpg 300w, https:\/\/4v.fr\/marketing-tourisme\/wp-content\/uploads\/2019\/11\/IMG_20191025_1224042-768x358.jpg 768w, https:\/\/4v.fr\/marketing-tourisme\/wp-content\/uploads\/2019\/11\/IMG_20191025_1224042-1536x715.jpg 1536w, https:\/\/4v.fr\/marketing-tourisme\/wp-content\/uploads\/2019\/11\/IMG_20191025_1224042-2048x954.jpg 2048w, https:\/\/4v.fr\/marketing-tourisme\/wp-content\/uploads\/2019\/11\/IMG_20191025_1224042-1920x894.jpg 1920w\" sizes=\"auto, (max-width: 1024px) 100vw, 1024px\" \/><\/figure><\/li><li class=\"blocks-gallery-item\"><figure><img loading=\"lazy\" decoding=\"async\" width=\"768\" height=\"1024\" src=\"https:\/\/4v.fr\/marketing-tourisme\/wp-content\/uploads\/2020\/09\/IMG_20190909_132108-768x1024.jpg\" alt=\"\" data-id=\"2875\" data-full-url=\"https:\/\/4v.fr\/marketing-tourisme\/wp-content\/uploads\/2020\/09\/IMG_20190909_132108.jpg\" data-link=\"https:\/\/4v.fr\/marketing-tourisme\/?attachment_id=2875\" class=\"wp-image-2875\" srcset=\"https:\/\/4v.fr\/marketing-tourisme\/wp-content\/uploads\/2020\/09\/IMG_20190909_132108-768x1024.jpg 768w, https:\/\/4v.fr\/marketing-tourisme\/wp-content\/uploads\/2020\/09\/IMG_20190909_132108-225x300.jpg 225w, https:\/\/4v.fr\/marketing-tourisme\/wp-content\/uploads\/2020\/09\/IMG_20190909_132108-1152x1536.jpg 1152w, https:\/\/4v.fr\/marketing-tourisme\/wp-content\/uploads\/2020\/09\/IMG_20190909_132108-1536x2048.jpg 1536w, https:\/\/4v.fr\/marketing-tourisme\/wp-content\/uploads\/2020\/09\/IMG_20190909_132108-1024x1365.jpg 1024w, https:\/\/4v.fr\/marketing-tourisme\/wp-content\/uploads\/2020\/09\/IMG_20190909_132108-810x1080.jpg 810w\" sizes=\"auto, (max-width: 768px) 100vw, 768px\" \/><\/figure><\/li><li class=\"blocks-gallery-item\"><figure><img loading=\"lazy\" decoding=\"async\" width=\"1024\" height=\"989\" src=\"https:\/\/4v.fr\/marketing-tourisme\/wp-content\/uploads\/2020\/09\/IMG_20190910_1352212-1024x989.jpg\" alt=\"\" data-id=\"2876\" data-full-url=\"https:\/\/4v.fr\/marketing-tourisme\/wp-content\/uploads\/2020\/09\/IMG_20190910_1352212.jpg\" data-link=\"https:\/\/4v.fr\/marketing-tourisme\/?attachment_id=2876\" class=\"wp-image-2876\" srcset=\"https:\/\/4v.fr\/marketing-tourisme\/wp-content\/uploads\/2020\/09\/IMG_20190910_1352212-1024x989.jpg 1024w, https:\/\/4v.fr\/marketing-tourisme\/wp-content\/uploads\/2020\/09\/IMG_20190910_1352212-300x290.jpg 300w, https:\/\/4v.fr\/marketing-tourisme\/wp-content\/uploads\/2020\/09\/IMG_20190910_1352212-768x742.jpg 768w, https:\/\/4v.fr\/marketing-tourisme\/wp-content\/uploads\/2020\/09\/IMG_20190910_1352212-1536x1483.jpg 1536w, https:\/\/4v.fr\/marketing-tourisme\/wp-content\/uploads\/2020\/09\/IMG_20190910_1352212-2048x1978.jpg 2048w, https:\/\/4v.fr\/marketing-tourisme\/wp-content\/uploads\/2020\/09\/IMG_20190910_1352212-1118x1080.jpg 1118w\" sizes=\"auto, (max-width: 1024px) 100vw, 1024px\" \/><\/figure><\/li><li class=\"blocks-gallery-item\"><figure><img loading=\"lazy\" decoding=\"async\" width=\"1024\" height=\"768\" src=\"https:\/\/4v.fr\/marketing-tourisme\/wp-content\/uploads\/2019\/11\/IMG_20191025_122338-1024x768.jpg\" alt=\"\" data-id=\"2390\" data-full-url=\"https:\/\/4v.fr\/marketing-tourisme\/wp-content\/uploads\/2019\/11\/IMG_20191025_122338.jpg\" data-link=\"https:\/\/4v.fr\/marketing-tourisme\/img_20191025_122338\/\" class=\"wp-image-2390\" srcset=\"https:\/\/4v.fr\/marketing-tourisme\/wp-content\/uploads\/2019\/11\/IMG_20191025_122338-1024x768.jpg 1024w, https:\/\/4v.fr\/marketing-tourisme\/wp-content\/uploads\/2019\/11\/IMG_20191025_122338-300x225.jpg 300w, https:\/\/4v.fr\/marketing-tourisme\/wp-content\/uploads\/2019\/11\/IMG_20191025_122338-768x576.jpg 768w\" sizes=\"auto, (max-width: 1024px) 100vw, 1024px\" \/><\/figure><\/li><li class=\"blocks-gallery-item\"><figure><img loading=\"lazy\" decoding=\"async\" width=\"1024\" height=\"768\" src=\"https:\/\/4v.fr\/marketing-tourisme\/wp-content\/uploads\/2020\/09\/IMG_20190911_185113-1024x768.jpg\" alt=\"\" data-id=\"2877\" data-full-url=\"https:\/\/4v.fr\/marketing-tourisme\/wp-content\/uploads\/2020\/09\/IMG_20190911_185113.jpg\" data-link=\"https:\/\/4v.fr\/marketing-tourisme\/?attachment_id=2877\" class=\"wp-image-2877\" srcset=\"https:\/\/4v.fr\/marketing-tourisme\/wp-content\/uploads\/2020\/09\/IMG_20190911_185113-1024x768.jpg 1024w, https:\/\/4v.fr\/marketing-tourisme\/wp-content\/uploads\/2020\/09\/IMG_20190911_185113-300x225.jpg 300w, https:\/\/4v.fr\/marketing-tourisme\/wp-content\/uploads\/2020\/09\/IMG_20190911_185113-768x576.jpg 768w, https:\/\/4v.fr\/marketing-tourisme\/wp-content\/uploads\/2020\/09\/IMG_20190911_185113-1536x1152.jpg 1536w, https:\/\/4v.fr\/marketing-tourisme\/wp-content\/uploads\/2020\/09\/IMG_20190911_185113-2048x1536.jpg 2048w, https:\/\/4v.fr\/marketing-tourisme\/wp-content\/uploads\/2020\/09\/IMG_20190911_185113-1440x1080.jpg 1440w\" sizes=\"auto, (max-width: 1024px) 100vw, 1024px\" \/><\/figure><\/li><li class=\"blocks-gallery-item\"><figure><img loading=\"lazy\" decoding=\"async\" width=\"768\" height=\"1024\" src=\"https:\/\/4v.fr\/marketing-tourisme\/wp-content\/uploads\/2020\/09\/IMG_20190912_133727-768x1024.jpg\" alt=\"\" data-id=\"2878\" data-full-url=\"https:\/\/4v.fr\/marketing-tourisme\/wp-content\/uploads\/2020\/09\/IMG_20190912_133727.jpg\" data-link=\"https:\/\/4v.fr\/marketing-tourisme\/?attachment_id=2878\" class=\"wp-image-2878\" srcset=\"https:\/\/4v.fr\/marketing-tourisme\/wp-content\/uploads\/2020\/09\/IMG_20190912_133727-768x1024.jpg 768w, https:\/\/4v.fr\/marketing-tourisme\/wp-content\/uploads\/2020\/09\/IMG_20190912_133727-225x300.jpg 225w, https:\/\/4v.fr\/marketing-tourisme\/wp-content\/uploads\/2020\/09\/IMG_20190912_133727-1152x1536.jpg 1152w, https:\/\/4v.fr\/marketing-tourisme\/wp-content\/uploads\/2020\/09\/IMG_20190912_133727-1536x2048.jpg 1536w, https:\/\/4v.fr\/marketing-tourisme\/wp-content\/uploads\/2020\/09\/IMG_20190912_133727-1024x1365.jpg 1024w, https:\/\/4v.fr\/marketing-tourisme\/wp-content\/uploads\/2020\/09\/IMG_20190912_133727-810x1080.jpg 810w\" sizes=\"auto, (max-width: 768px) 100vw, 768px\" \/><\/figure><\/li><li class=\"blocks-gallery-item\"><figure><img loading=\"lazy\" decoding=\"async\" width=\"1024\" height=\"846\" src=\"https:\/\/4v.fr\/marketing-tourisme\/wp-content\/uploads\/2019\/11\/IMG_20191025_122421-1024x846.jpg\" alt=\"\" data-id=\"2394\" data-full-url=\"https:\/\/4v.fr\/marketing-tourisme\/wp-content\/uploads\/2019\/11\/IMG_20191025_122421.jpg\" data-link=\"https:\/\/4v.fr\/marketing-tourisme\/img_20191025_122421\/\" class=\"wp-image-2394\" srcset=\"https:\/\/4v.fr\/marketing-tourisme\/wp-content\/uploads\/2019\/11\/IMG_20191025_122421-1024x846.jpg 1024w, https:\/\/4v.fr\/marketing-tourisme\/wp-content\/uploads\/2019\/11\/IMG_20191025_122421-300x248.jpg 300w, https:\/\/4v.fr\/marketing-tourisme\/wp-content\/uploads\/2019\/11\/IMG_20191025_122421-768x634.jpg 768w, https:\/\/4v.fr\/marketing-tourisme\/wp-content\/uploads\/2019\/11\/IMG_20191025_122421-1536x1269.jpg 1536w, https:\/\/4v.fr\/marketing-tourisme\/wp-content\/uploads\/2019\/11\/IMG_20191025_122421-2048x1692.jpg 2048w, https:\/\/4v.fr\/marketing-tourisme\/wp-content\/uploads\/2019\/11\/IMG_20191025_122421-1307x1080.jpg 1307w\" sizes=\"auto, (max-width: 1024px) 100vw, 1024px\" \/><\/figure><\/li><li class=\"blocks-gallery-item\"><figure><img loading=\"lazy\" decoding=\"async\" width=\"768\" height=\"1024\" src=\"https:\/\/4v.fr\/marketing-tourisme\/wp-content\/uploads\/2020\/09\/IMG_20190912_162554-768x1024.jpg\" alt=\"\" data-id=\"2879\" data-full-url=\"https:\/\/4v.fr\/marketing-tourisme\/wp-content\/uploads\/2020\/09\/IMG_20190912_162554.jpg\" data-link=\"https:\/\/4v.fr\/marketing-tourisme\/?attachment_id=2879\" class=\"wp-image-2879\" srcset=\"https:\/\/4v.fr\/marketing-tourisme\/wp-content\/uploads\/2020\/09\/IMG_20190912_162554-768x1024.jpg 768w, https:\/\/4v.fr\/marketing-tourisme\/wp-content\/uploads\/2020\/09\/IMG_20190912_162554-225x300.jpg 225w, https:\/\/4v.fr\/marketing-tourisme\/wp-content\/uploads\/2020\/09\/IMG_20190912_162554-1152x1536.jpg 1152w, https:\/\/4v.fr\/marketing-tourisme\/wp-content\/uploads\/2020\/09\/IMG_20190912_162554-1536x2048.jpg 1536w, https:\/\/4v.fr\/marketing-tourisme\/wp-content\/uploads\/2020\/09\/IMG_20190912_162554-1024x1365.jpg 1024w, https:\/\/4v.fr\/marketing-tourisme\/wp-content\/uploads\/2020\/09\/IMG_20190912_162554-810x1080.jpg 810w\" sizes=\"auto, (max-width: 768px) 100vw, 768px\" \/><\/figure><\/li><li class=\"blocks-gallery-item\"><figure><img loading=\"lazy\" decoding=\"async\" width=\"1024\" height=\"768\" src=\"https:\/\/4v.fr\/marketing-tourisme\/wp-content\/uploads\/2020\/09\/IMG_20190912_162638-1024x768.jpg\" alt=\"\" data-id=\"2880\" data-full-url=\"https:\/\/4v.fr\/marketing-tourisme\/wp-content\/uploads\/2020\/09\/IMG_20190912_162638.jpg\" data-link=\"https:\/\/4v.fr\/marketing-tourisme\/?attachment_id=2880\" class=\"wp-image-2880\" srcset=\"https:\/\/4v.fr\/marketing-tourisme\/wp-content\/uploads\/2020\/09\/IMG_20190912_162638-1024x768.jpg 1024w, https:\/\/4v.fr\/marketing-tourisme\/wp-content\/uploads\/2020\/09\/IMG_20190912_162638-300x225.jpg 300w, https:\/\/4v.fr\/marketing-tourisme\/wp-content\/uploads\/2020\/09\/IMG_20190912_162638-768x576.jpg 768w, https:\/\/4v.fr\/marketing-tourisme\/wp-content\/uploads\/2020\/09\/IMG_20190912_162638-1536x1152.jpg 1536w, https:\/\/4v.fr\/marketing-tourisme\/wp-content\/uploads\/2020\/09\/IMG_20190912_162638-2048x1536.jpg 2048w, https:\/\/4v.fr\/marketing-tourisme\/wp-content\/uploads\/2020\/09\/IMG_20190912_162638-1440x1080.jpg 1440w\" sizes=\"auto, (max-width: 1024px) 100vw, 1024px\" \/><\/figure><\/li><li class=\"blocks-gallery-item\"><figure><img loading=\"lazy\" decoding=\"async\" width=\"1024\" height=\"555\" src=\"https:\/\/4v.fr\/marketing-tourisme\/wp-content\/uploads\/2019\/11\/IMG_20191025_122404-1024x555.jpg\" alt=\"\" data-id=\"2392\" data-full-url=\"https:\/\/4v.fr\/marketing-tourisme\/wp-content\/uploads\/2019\/11\/IMG_20191025_122404.jpg\" data-link=\"https:\/\/4v.fr\/marketing-tourisme\/img_20191025_122404\/\" class=\"wp-image-2392\" srcset=\"https:\/\/4v.fr\/marketing-tourisme\/wp-content\/uploads\/2019\/11\/IMG_20191025_122404-1024x555.jpg 1024w, https:\/\/4v.fr\/marketing-tourisme\/wp-content\/uploads\/2019\/11\/IMG_20191025_122404-300x163.jpg 300w, https:\/\/4v.fr\/marketing-tourisme\/wp-content\/uploads\/2019\/11\/IMG_20191025_122404-768x417.jpg 768w, https:\/\/4v.fr\/marketing-tourisme\/wp-content\/uploads\/2019\/11\/IMG_20191025_122404-1536x833.jpg 1536w, https:\/\/4v.fr\/marketing-tourisme\/wp-content\/uploads\/2019\/11\/IMG_20191025_122404-2048x1111.jpg 2048w, https:\/\/4v.fr\/marketing-tourisme\/wp-content\/uploads\/2019\/11\/IMG_20191025_122404-1920x1041.jpg 1920w\" sizes=\"auto, (max-width: 1024px) 100vw, 1024px\" \/><\/figure><\/li><li class=\"blocks-gallery-item\"><figure><img loading=\"lazy\" decoding=\"async\" width=\"1024\" height=\"768\" src=\"https:\/\/4v.fr\/marketing-tourisme\/wp-content\/uploads\/2020\/09\/IMG_20190912_162939-1024x768.jpg\" alt=\"\" data-id=\"2881\" data-full-url=\"https:\/\/4v.fr\/marketing-tourisme\/wp-content\/uploads\/2020\/09\/IMG_20190912_162939.jpg\" data-link=\"https:\/\/4v.fr\/marketing-tourisme\/?attachment_id=2881\" class=\"wp-image-2881\" srcset=\"https:\/\/4v.fr\/marketing-tourisme\/wp-content\/uploads\/2020\/09\/IMG_20190912_162939-1024x768.jpg 1024w, https:\/\/4v.fr\/marketing-tourisme\/wp-content\/uploads\/2020\/09\/IMG_20190912_162939-300x225.jpg 300w, https:\/\/4v.fr\/marketing-tourisme\/wp-content\/uploads\/2020\/09\/IMG_20190912_162939-768x576.jpg 768w, https:\/\/4v.fr\/marketing-tourisme\/wp-content\/uploads\/2020\/09\/IMG_20190912_162939-1536x1152.jpg 1536w, https:\/\/4v.fr\/marketing-tourisme\/wp-content\/uploads\/2020\/09\/IMG_20190912_162939-2048x1536.jpg 2048w, https:\/\/4v.fr\/marketing-tourisme\/wp-content\/uploads\/2020\/09\/IMG_20190912_162939-1440x1080.jpg 1440w\" sizes=\"auto, (max-width: 1024px) 100vw, 1024px\" \/><\/figure><\/li><li class=\"blocks-gallery-item\"><figure><img loading=\"lazy\" decoding=\"async\" width=\"561\" height=\"374\" src=\"https:\/\/4v.fr\/marketing-tourisme\/wp-content\/uploads\/2019\/12\/Lego-serious-play.png\" alt=\"\" data-id=\"2622\" data-full-url=\"https:\/\/4v.fr\/marketing-tourisme\/wp-content\/uploads\/2019\/12\/Lego-serious-play.png\" data-link=\"https:\/\/4v.fr\/marketing-tourisme\/focus-group-lego-serious-play\/lego-serious-play\/\" class=\"wp-image-2622\" srcset=\"https:\/\/4v.fr\/marketing-tourisme\/wp-content\/uploads\/2019\/12\/Lego-serious-play.png 561w, https:\/\/4v.fr\/marketing-tourisme\/wp-content\/uploads\/2019\/12\/Lego-serious-play-300x200.png 300w\" sizes=\"auto, (max-width: 561px) 100vw, 561px\" \/><\/figure><\/li><li class=\"blocks-gallery-item\"><figure><img loading=\"lazy\" decoding=\"async\" width=\"768\" height=\"1024\" src=\"https:\/\/4v.fr\/marketing-tourisme\/wp-content\/uploads\/2020\/09\/IMG_20191025_113403-768x1024.jpg\" alt=\"\" data-id=\"2883\" data-full-url=\"https:\/\/4v.fr\/marketing-tourisme\/wp-content\/uploads\/2020\/09\/IMG_20191025_113403.jpg\" data-link=\"https:\/\/4v.fr\/marketing-tourisme\/?attachment_id=2883\" class=\"wp-image-2883\" srcset=\"https:\/\/4v.fr\/marketing-tourisme\/wp-content\/uploads\/2020\/09\/IMG_20191025_113403-768x1024.jpg 768w, https:\/\/4v.fr\/marketing-tourisme\/wp-content\/uploads\/2020\/09\/IMG_20191025_113403-225x300.jpg 225w, https:\/\/4v.fr\/marketing-tourisme\/wp-content\/uploads\/2020\/09\/IMG_20191025_113403-1152x1536.jpg 1152w, https:\/\/4v.fr\/marketing-tourisme\/wp-content\/uploads\/2020\/09\/IMG_20191025_113403-1536x2048.jpg 1536w, https:\/\/4v.fr\/marketing-tourisme\/wp-content\/uploads\/2020\/09\/IMG_20191025_113403-1024x1365.jpg 1024w, https:\/\/4v.fr\/marketing-tourisme\/wp-content\/uploads\/2020\/09\/IMG_20191025_113403-810x1080.jpg 810w\" sizes=\"auto, (max-width: 768px) 100vw, 768px\" \/><\/figure><\/li><li class=\"blocks-gallery-item\"><figure><img loading=\"lazy\" decoding=\"async\" width=\"1024\" height=\"847\" src=\"https:\/\/4v.fr\/marketing-tourisme\/wp-content\/uploads\/2019\/11\/IMG_20191025_122347-1024x847.jpg\" alt=\"\" data-id=\"2391\" data-full-url=\"https:\/\/4v.fr\/marketing-tourisme\/wp-content\/uploads\/2019\/11\/IMG_20191025_122347.jpg\" data-link=\"https:\/\/4v.fr\/marketing-tourisme\/img_20191025_122347\/\" class=\"wp-image-2391\" srcset=\"https:\/\/4v.fr\/marketing-tourisme\/wp-content\/uploads\/2019\/11\/IMG_20191025_122347-1024x847.jpg 1024w, https:\/\/4v.fr\/marketing-tourisme\/wp-content\/uploads\/2019\/11\/IMG_20191025_122347-300x248.jpg 300w, https:\/\/4v.fr\/marketing-tourisme\/wp-content\/uploads\/2019\/11\/IMG_20191025_122347-768x635.jpg 768w, https:\/\/4v.fr\/marketing-tourisme\/wp-content\/uploads\/2019\/11\/IMG_20191025_122347-1536x1270.jpg 1536w, https:\/\/4v.fr\/marketing-tourisme\/wp-content\/uploads\/2019\/11\/IMG_20191025_122347-2048x1693.jpg 2048w, https:\/\/4v.fr\/marketing-tourisme\/wp-content\/uploads\/2019\/11\/IMG_20191025_122347-1306x1080.jpg 1306w\" sizes=\"auto, (max-width: 1024px) 100vw, 1024px\" \/><\/figure><\/li><li class=\"blocks-gallery-item\"><figure><img loading=\"lazy\" decoding=\"async\" width=\"1024\" height=\"933\" src=\"https:\/\/4v.fr\/marketing-tourisme\/wp-content\/uploads\/2019\/11\/IMG_20191025_122330-1024x933.jpg\" alt=\"\" data-id=\"2389\" data-full-url=\"https:\/\/4v.fr\/marketing-tourisme\/wp-content\/uploads\/2019\/11\/IMG_20191025_122330.jpg\" data-link=\"https:\/\/4v.fr\/marketing-tourisme\/img_20191025_122330\/\" class=\"wp-image-2389\" srcset=\"https:\/\/4v.fr\/marketing-tourisme\/wp-content\/uploads\/2019\/11\/IMG_20191025_122330-1024x933.jpg 1024w, https:\/\/4v.fr\/marketing-tourisme\/wp-content\/uploads\/2019\/11\/IMG_20191025_122330-300x273.jpg 300w, https:\/\/4v.fr\/marketing-tourisme\/wp-content\/uploads\/2019\/11\/IMG_20191025_122330-768x699.jpg 768w, https:\/\/4v.fr\/marketing-tourisme\/wp-content\/uploads\/2019\/11\/IMG_20191025_122330-1536x1399.jpg 1536w, https:\/\/4v.fr\/marketing-tourisme\/wp-content\/uploads\/2019\/11\/IMG_20191025_122330-2048x1865.jpg 2048w, https:\/\/4v.fr\/marketing-tourisme\/wp-content\/uploads\/2019\/11\/IMG_20191025_122330-1186x1080.jpg 1186w\" sizes=\"auto, (max-width: 1024px) 100vw, 1024px\" \/><\/figure><\/li><li class=\"blocks-gallery-item\"><figure><img loading=\"lazy\" decoding=\"async\" width=\"1024\" height=\"660\" src=\"https:\/\/4v.fr\/marketing-tourisme\/wp-content\/uploads\/2019\/11\/4V-LEGO-SERIOUS-PLAY-1024x660.jpg\" alt=\"\" data-id=\"2403\" data-full-url=\"https:\/\/4v.fr\/marketing-tourisme\/wp-content\/uploads\/2019\/11\/4V-LEGO-SERIOUS-PLAY.jpg\" data-link=\"https:\/\/4v.fr\/marketing-tourisme\/innovation\/4v-lego-serious-play\/\" class=\"wp-image-2403\" srcset=\"https:\/\/4v.fr\/marketing-tourisme\/wp-content\/uploads\/2019\/11\/4V-LEGO-SERIOUS-PLAY-1024x660.jpg 1024w, https:\/\/4v.fr\/marketing-tourisme\/wp-content\/uploads\/2019\/11\/4V-LEGO-SERIOUS-PLAY-300x193.jpg 300w, https:\/\/4v.fr\/marketing-tourisme\/wp-content\/uploads\/2019\/11\/4V-LEGO-SERIOUS-PLAY-768x495.jpg 768w, https:\/\/4v.fr\/marketing-tourisme\/wp-content\/uploads\/2019\/11\/4V-LEGO-SERIOUS-PLAY-1536x990.jpg 1536w, https:\/\/4v.fr\/marketing-tourisme\/wp-content\/uploads\/2019\/11\/4V-LEGO-SERIOUS-PLAY-2048x1321.jpg 2048w\" sizes=\"auto, (max-width: 1024px) 100vw, 1024px\" \/><\/figure><\/li><\/ul><\/figure>\n\n\n\n<div style=\"height:50px\" aria-hidden=\"true\" class=\"wp-block-spacer\"><\/div>\n\n\n\n<h2 class=\"wp-block-heading\">Certifications professionnelles<\/h2>\n\n\n\n<figure class=\"wp-block-image size-large\"><img loading=\"lazy\" decoding=\"async\" width=\"1000\" height=\"707\" src=\"https:\/\/4v.fr\/marketing-tourisme\/wp-content\/uploads\/2020\/09\/VERO_LEGO_SERIOUS_PLAY-copie-rotated.jpg\" alt=\"\" class=\"wp-image-2889\" srcset=\"https:\/\/4v.fr\/marketing-tourisme\/wp-content\/uploads\/2020\/09\/VERO_LEGO_SERIOUS_PLAY-copie-rotated.jpg 1000w, https:\/\/4v.fr\/marketing-tourisme\/wp-content\/uploads\/2020\/09\/VERO_LEGO_SERIOUS_PLAY-copie-300x212.jpg 300w, https:\/\/4v.fr\/marketing-tourisme\/wp-content\/uploads\/2020\/09\/VERO_LEGO_SERIOUS_PLAY-copie-768x543.jpg 768w\" sizes=\"auto, (max-width: 1000px) 100vw, 1000px\" \/><\/figure>\n\n\n\n<figure class=\"wp-block-image size-large\"><img loading=\"lazy\" decoding=\"async\" width=\"1000\" height=\"707\" src=\"https:\/\/4v.fr\/marketing-tourisme\/wp-content\/uploads\/2020\/09\/VIVIAN_LEGO_SERIOUS_PLAY-copie-rotated.jpg\" alt=\"\" class=\"wp-image-2890\" srcset=\"https:\/\/4v.fr\/marketing-tourisme\/wp-content\/uploads\/2020\/09\/VIVIAN_LEGO_SERIOUS_PLAY-copie-rotated.jpg 1000w, https:\/\/4v.fr\/marketing-tourisme\/wp-content\/uploads\/2020\/09\/VIVIAN_LEGO_SERIOUS_PLAY-copie-300x212.jpg 300w, https:\/\/4v.fr\/marketing-tourisme\/wp-content\/uploads\/2020\/09\/VIVIAN_LEGO_SERIOUS_PLAY-copie-768x543.jpg 768w\" sizes=\"auto, (max-width: 1000px) 100vw, 1000px\" \/><\/figure>\n","protected":false},"excerpt":{"rendered":"<p>M\u00e9thode innovante au sein du Cabinet 4V La cr\u00e9ativit\u00e9 demeure l\u2019une des plus grandes forces pour avancer de nos jours : il ne faut plus&hellip; <br \/> <a class=\"read-more\" href=\"https:\/\/4v.fr\/marketing-tourisme\/lego-serious-play\/\">Lire la suite<\/a><\/p>\n","protected":false},"author":1,"featured_media":0,"parent":0,"menu_order":0,"comment_status":"closed","ping_status":"closed","template":"","meta":{"_monsterinsights_skip_tracking":false,"_monsterinsights_sitenote_active":false,"_monsterinsights_sitenote_note":"","_monsterinsights_sitenote_category":0,"slim_seo":{"title":"LEGO\u00ae SERIOUS PLAY\u00ae - 4V Tourisme Marketing Etude Enquete Conseil Formation Coaching Conf\u00e9rence","description":"M\u00e9thode innovante au sein du Cabinet 4V La cr\u00e9ativit\u00e9 demeure l\u2019une des plus grandes forces pour avancer de nos jours : il ne faut plus seulement suivre et adop"},"footnotes":""},"wf_page_folders":[],"class_list":["post-2871","page","type-page","status-publish","hentry"],"_links":{"self":[{"href":"https:\/\/4v.fr\/marketing-tourisme\/wp-json\/wp\/v2\/pages\/2871","targetHints":{"allow":["GET"]}}],"collection":[{"href":"https:\/\/4v.fr\/marketing-tourisme\/wp-json\/wp\/v2\/pages"}],"about":[{"href":"https:\/\/4v.fr\/marketing-tourisme\/wp-json\/wp\/v2\/types\/page"}],"author":[{"embeddable":true,"href":"https:\/\/4v.fr\/marketing-tourisme\/wp-json\/wp\/v2\/users\/1"}],"replies":[{"embeddable":true,"href":"https:\/\/4v.fr\/marketing-tourisme\/wp-json\/wp\/v2\/comments?post=2871"}],"version-history":[{"count":0,"href":"https:\/\/4v.fr\/marketing-tourisme\/wp-json\/wp\/v2\/pages\/2871\/revisions"}],"wp:attachment":[{"href":"https:\/\/4v.fr\/marketing-tourisme\/wp-json\/wp\/v2\/media?parent=2871"}],"wp:term":[{"taxonomy":"wf_page_folders","embeddable":true,"href":"https:\/\/4v.fr\/marketing-tourisme\/wp-json\/wp\/v2\/wf_page_folders?post=2871"}],"curies":[{"name":"wp","href":"https:\/\/api.w.org\/{rel}","templated":true}]}}